t x(z) = -17*z - 21. Give x(8).
-157
Let f(n) = -n - 32. Calculate f(-25).
-7
Let a(w) = -7*w**2 + 27*w - 14. Calculate a(3).
4
Let b(y) = -2*y**2 + 55*y + 29. Calculate b(28).
1
Let c(x) = -2*x**2 + 3*x + 31. Determine c(8).
-73
Let b(x) = -12*x + 11. What is b(11)?
-121
Let v(o) = 4*o - 63. Determine v(16).
1
Let g(z) = z + 39. Give g(-31).
8
Let q(m) = -3*m + 17. Calculate q(7).
-4
Let u(v) = -v**2 + 2*v. Determine u(3).
-3
Let i(f) = 3*f + 5. What is i(0)?
5
Let v(l) = -13*l**3 + 1. Calculate v(-1).
14
Let g(o) = o**2 - 16*o - 7. Give g(7).
-70
Let x(q) = -q**3 - 9*q**2 - 5*q - 6. Calculate x(-8).
-30
Let i(b) = -b**2 + 13*b - 7. Calculate i(11).
15
Let i(x) = x**2 + 13*x - 14. Calculate i(-11).
-36
Let n(b) = b**3 - 7*b**2 + 4*b + 14. Give n(6).
2
Let p(r) = -r**3 + 4*r**2 - 3*r. Determine p(3).
0
Let g(y) = -y + 7. Calculate g(-5).
12
Let q(d) = 2*d + 14. Calculate q(-10).
-6
Let k(v) = 2*v**3 + 3*v**2 + 4*v + 11. Give k(-3).
-28
Let u(n) = 10*n**2 + 25*n + 5. What is u(-4)?
65
Let z(g) = -g**3 + 3*g**2 - 3. What is z(2)?
1
Let r(h) = -h**3 + h**2 + 20*h - 10. Calculate r(5).
-10
Let w(o) = o**3 + 7*o**2 - o - 32. Calculate w(-6).
10
Let g(s) = -s**3 + 12*s**2 + s - 4. What is g(12)?
8
Let d(s) = -6*s**2 + 2*s - 3. Calculate d(2).
-23
Let w(u) = -2*u**3 - 13*u**2 - 13*u - 50. What is w(-6)?
-8
Let d(z) = -4*z. Calculate d(-15).
60
Let o(s) = 11*s - 57. Give o(5).
-2
Let a(f) = f**2 - 2*f - 8. Calculate a(-4).
16
Let r(d) = d - 6. Determine r(8).
2
Let t(i) = 2*i**3 - 3*i**2 + 2*i - 1. Determine t(2).
7
Let x(r) = -r**3 - 5*r**2 + 6*r + 1. What is x(-6)?
1
Let p(u) = -2*u**2 + 7*u - 6. What is p(4)?
-10
Let c(z) = z**2 - 15*z + 1. What is c(5)?
-49
Let u(h) = -h**2 + 20. What is u(-5)?
-5
Let g(c) = 2*c + 18. What is g(-6)?
6
Let t(z) = -157*z + 950. Give t(6).
8
Let v(k) = -k**3 - 7*k**2 - k + 5. Calculate v(-7).
12
Let g(v) = 10*v + 138. Determine g(-14).
-2
Let x(t) = 2*t + 2. Determine x(1).
4
Let m(c) = c**2 - 17*c - 19. Calculate m(18).
-1
Let a(l) = -2*l**2 - 17*l - 14. What is a(-8)?
-6
Let u(n) = -n**3 + 6*n**2 - 5*n - 5. What is u(5)?
-5
Let h(y) = -y**2 + y - 113. Give h(0).
-113
Let p(t) = -t**2 + 15*t - 14. Calculate p(13).
12
Let x(u) = u**2 - 5*u + 1. Determine x(1).
-3
Let a(q) = -q**3 - 5*q**2 + 21*q + 29. Calculate a(-7).
-20
Let o(f) = -f**3 - 10*f**2 + 8*f - 15. Determine o(-11).
18
Let f(n) = -n**3 - 10*n**2 + 11*n + 1. Calculate f(-11).
1
Let g(a) = 3*a**2 - 13*a + 14. Determine g(5).
24
Let c(a) = -13*a - 12. What is c(-5)?
53
Let x(y) = -y**3 - 10*y**2 + 2*y + 12. Determine x(-10).
-8
Let m(t) = t + 51. Determine m(-36).
15
Let a(x) = 2*x + 86. Determine a(-41).
4
Let q(r) = r**3 + 2*r**2 - 3*r - 14. What is q(-3)?
-14
Let o(u) = u**3 - 31*u**2 + 20. Determine o(31).
20
Let p(t) = t**3 - 3*t**2 + 5*t - 5. Calculate p(5).
70
Let a(u) = u**3 + 8*u**2 + 11*u. Calculate a(-7).
-28
Let y(c) = c**3 - 5*c**2 + c - 2. Give y(6).
40
Let u(n) = 13*n. Give u(3).
39
Let h(t) = -18*t - 2. What is h(3)?
-56
Let u(w) = -20*w - 32. Determine u(-2).
8
Let k(t) = -16*t + 64. What is k(5)?
-16
Let o(t) = -t**3 - 40*t**2 - 43*t - 162. Determine o(-39).
-6
Let v(u) = -14*u - 117. Determine v(-7).
-19
Let l(m) = m**3 + m**2 - m + 11. Calculate l(0).
11
Let q(y) = y**2 - 11*y + 10. Determine q(9).
-8
Let a(z) = z**2 - 3*z - 16. Determine a(7).
12
Let b(i) = i**2 + 7*i + 2. What is b(-8)?
10
Let l(p) = 3*p + 68. What is l(-21)?
5
Let w(c) = -2*c**3 + 23*c**2 + 16*c - 45. Give w(12).
3
Let r(w) = -8*w + 110. Determine r(12).
14
Let d(k) = 6*k**2 - 37*k - 30. Determine d(7).
5
Let v(s) = 2*s - 48. Determine v(11).
-26
Let a(y) = y**3 - 9*y**2 - 9*y + 7. What is a(10)?
17
Let j(k) = 3*k + 18. Calculate j(13).
57
Let r(v) = -v + 8. Calculate r(11).
-3
Let l(d) = d**2 - 4*d - 3. Calculate l(5).
2
Let c(y) = -43*y**3 - y. Give c(1).
-44
Let s(p) = 23*p - 157. What is s(8)?
27
Let o(x) = -x**2 + 4*x + 15. What is o(-3)?
-6
Let f(n) = n**2 + 12*n + 8. Give f(-5).
-27
Let t(v) = -v**2 + 5*v + 3. Calculate t(4).
7
Let g(o) = o**2 + o + 26. Calculate g(0).
26
Let k(l) = 3*l**2 - 4*l - 60. What is k(-4)?
4
Let k(j) = 2*j**2 - 10*j - 6. Calculate k(6).
6
Let w(l) = -37*l - 190. Give w(-5).
-5
Let g(s) = -s**3 - 6*s**2 + 27*s + 134. What is g(-7)?
-6
Let a(b) = -b**2 - 12*b - 17. What is a(-10)?
3
Let d(m) = -15*m - 2. Determine d(-3).
43
Let w(r) = -3*r - 5. Determine w(6).
-23
Let y(d) = -d**3 + 12*d**2 + 12*d + 12. Give y(13).
-1
Let g(a) = -16*a**2 - 4*a + 4. Give g(2).
-68
Let s(y) = y**3 - 4*y**2 + y - 1. Determine s(3).
-7
Let f(h) = 3*h + 22. Give f(-14).
-20
Let x(g) = g**2 + 10*g + 2. What is x(-8)?
-14
Let c(r) = -r**3 - 3*r**2 + 5*r. Determine c(-4).
-4
Let s(x) = -5*x + 52. What is s(13)?
-13
Let t(w) = 2*w**2 + w. Calculate t(4).
36
Let w(v) = 12*v**2 - 3*v + 2. What is w(1)?
11
Let u(a) = -67*a + 341. Calculate u(5).
6
Let n(i) = -i**2 - 12*i - 5. Determine n(-10).
15
Let p(h) = -11*h - 6. Calculate p(-3).
27
Let w(f) = -2*f**3 - f**2 - 3*f - 3. Give w(3).
-75
Let i(a) = -a**2 - 19*a - 17. Determine i(-18).
1
Let w(y) = -y**2 + 2*y - 8. Calculate w(0).
-8
Let f(t) = -12*t - 15. Calculate f(-2).
9
Let g(s) = -4*s**3 + 17*s**2 + 13*s + 12. Calculate g(5).
2
Let g(h) = 75*h - 5. Determine g(1).
70
Let d(u) = -8*u - 13. Calculate d(-2).
3
Let x(r) = 2*r**2 - 2*r. Calculate x(3).
12
Let n(v) = 2*v**2 + 8*v + 12. Calculate n(-5).
22
Let w(x) = 12*x - 18. Give w(2).
6
Let c(j) = -161*j - 6. Determine c(-1).
155
Let h(c) = -c**2 - 2*c + 173. What is h(12)?
5
Let y(n) = -n**2 - n + 8. Give y(-5).
-12
Let n(a) = -8*a. What is n(-1)?
8
Let y(k) = -k**2 + 17*k + 330. What is y(-12)?
-18
Let a(b) = 2*b + 11. Determine a(-6).
-1
Let l(v) = 13*v**2 - 7*v - 5. Determine l(-3).
133
Let b(p) = -p**3 - 18*p**2 - 34*p + 4. Determine b(-16).
36
Let d(l) = -l**2 - 9*l + 19. Give d(-13).
-33
Let r(b) = -6*b + 54. Give r(6).
18
Let a(g) = -g**3 + 8*g**2 + 9*g + 6. Give a(9).
6
Let m(i) = i**3 + 8*i**2 - 11*i - 8. Calculate m(-9).
10
Let n(y) = -y - 60. Calculate n(-12).
-48
Let q(v) = -3*v**3 + 2*v**2 - 2*v. What is q(2)?
-20
Let m(v) = v**3 + 11*v**2 - 5*v - 36. Give m(-11).
19
Let z(f) = -f**3 + 15*f**2 - 29*f - 17. Calculate z(13).
-56
Let b(o) = o**3 - 12*o**2 - 14*o + 12. What is b(13)?
-1
Let x(t) = t**2 - 7*t - 45. What is x(7)?
-45
Let x(o) = o**3 - 3*o**2 - 3*o - 6. Calculate x(4).
-2
Let o(h) = 13*h + 337. Calculate o(-26).
-1
Let a(y) = -12*y**3 + y**2 - 3*y - 3. What is a(-1)?
13
Let p(s) = -s - 53. Calculate p(0).
-53
Let k(x) = -x**3 - 5*x**2 + 33*x - 22. Calculate k(-9).
5
Let s(p) = 4*p - 1. What is s(-3)?
-13
Let q(g) = 3*g**2 - 3*g - 7. Calculate q(-2).
11
Let l(f) = -f**3 - 27*f**2 + 27*f - 38. What is l(-28)?
-10
Let p(s) = -s**3 - 2*s**2 + 18*s - 8. Give p(-6).
28
Let b(z) = z**3 + z**2 - 2*z + 1. Determine b(-4).
-39
Let n(h) = h**3 + 21*h**2 + 38*h + 13. Give n(-19).
13
Let h(j) = -j + 7. Calculate h(-17).
24
Let k(v) = v**3 + 24*v**2 + 117*v - 28. Calculate k(-17).
6
Let o(y) = 120*y - 236. Calculate o(2).
4
Let s(r) = -8*r - 147. Calculate s(-15).
-27
Let q(r) = r**3 - r**2 + 5. Determine q(0).
5
Let q(s) = -s**3 + 8*s**2 + s + 16. What is q(8)?
24
Let y(g) = -6*g**2 + 79*g + 9. Give y(13).
22
Let l(q) = -q**2 + 8*q + 12. Calculate l(10).
-8
Let i(q) = -4*q**3 - 3*q**2 + 3*q - 1. Give i(1).
-5
Let i(k) = k + 3. Give i(-1).
2
Let a(s) = 34*s + 308. Determine a(-9).
2
Let r(a) = a**3 + 4*a**2 - 8*a - 7. What is r(-5)?
8
Let l(g) = -2*g**3 - 8*g**2 - 4*g - 1. Determine l(-5).
69
Let p(w) = -5*w**3 + w**2 - w - 1. Determine p(-1).
6
Let l(v) = -27*v + 5. Determine l(1).
-22
Let g(t) = -t - 16. Determine g(13).
-29
Let t(n) = -n + 57. Give t(20).
37
Let z(q) = -3*q + 16. Calculate z(11).
-17
Let p(g) = -g**2 - 5*g + 6. Calculate p(-5).
6
Let m(t) = 3*t + 36. Give m(-11).
3
Let y(w) = w**3 - 19*w**2 + 19*w - 9. What is y(18)?
9
Let k(s) = s**2 - 2*s - 7. Calculate k(4).
1
Let f(w) = -w**3 - 10*w**2 - 7*w - 6. Determine f(-5).
-96
Let u(c) = c**2 + 6*c + 4. Calculate u(-6).
4
Let a(j) = -3*j**2 + 3*j + 3. What is a(5)?
-57
Let v(o) = -12*o + 217. Calculate v(19).
-11
Let b(x) = 11*x + 69. Give b(-7).
-8
Let p(t) = t**2 - 5*t + 2. Determine p(-4).
38
Let u(x) = -x**2 + 3*x - 11. Give u(10).
-81
Let o(v) = -v**2 - 9*v - 9. Determine o(-10).